{"id":370,"date":"2012-01-17T16:14:25","date_gmt":"2012-01-17T15:14:25","guid":{"rendered":"http:\/\/www.zvirotice.cz\/?page_id=370"},"modified":"2021-07-14T10:04:34","modified_gmt":"2021-07-14T08:04:34","slug":"pravidla-turnaje-v-sedme-ve-zviroticich","status":"publish","type":"page","link":"https:\/\/www.zvirotice.cz\/?page_id=370","title":{"rendered":"Pravidla turnaje v sedm\u011b ve Zv\u00edrotic\u00edch"},"content":{"rendered":"<p><a href=\"https:\/\/www.zvirotice.cz\/wp-content\/uploads\/2011\/11\/sedma.gif\"><img loading=\"lazy\" decoding=\"async\" class=\"size-full wp-image-359 aligncenter\" title=\"\u010cerven\u00e1 sedma\" src=\"https:\/\/www.zvirotice.cz\/wp-content\/uploads\/2011\/11\/sedma.gif\" alt=\"\" width=\"88\" height=\"147\" \/><\/a><br \/>\n1. Mu\u017estvo o minim\u00e1ln\u011b dvou i v\u00edce hr\u00e1\u010d\u016f max. \u0161est.<br \/>\n2. Hr\u00e1\u010d nemus\u00ed b\u00fdt z vesnice, kterou reprezentuje.<br \/>\n3. Hr\u00e1\u010d mu\u017ee nastoupit pouze za jeden t\u00fdm.<br \/>\n4. Mu\u017estva, kter\u00e1 se p\u0159ihl\u00e1s\u00ed do turnaje, sehraj\u00ed s ka\u017ed\u00fdm t\u00fdmem dva z\u00e1pasy (doma \/ venku).<br \/>\n5. Hrac\u00ed m\u00edsta si ur\u010d\u00ed dom\u00e1c\u00ed t\u00fdm (nejl\u00e9pe m\u00edstn\u00ed hospoda).<br \/>\n6. Hraje se na body &#8211; celkem 10 na jedno v\u00edt\u011bzstv\u00ed a t\u00fdmu se zapo\u010d\u00edt\u00e1 hlavn\u00ed bod , hr\u00e1t se bude\u00a0 5 her.<br \/>\n7. V\u00edt\u011bzn\u00fd t\u00fdm z\u00edsk\u00e1 dva body do celkov\u00e9 tabulky, bude nutno dohr\u00e1vat hry pro z\u00edsk\u00e1n\u00ed pomocn\u00fdch bod\u016f, kter\u00e9\u00a0 m\u016f\u017eou rozhodovat!!! Nebudou rozhodovat vz\u00e1jemn\u00e9 z\u00e1pasy.<br \/>\n8. Je-li hr\u00e1\u010d\u016f v t\u00fdmu v\u00edce\u00a0 m\u016f\u017eou se po cel\u00fdch hr\u00e1ch\u00a0 vym\u011bnit.<br \/>\n9. Hrac\u00ed dny &#8211; sobota 19:00 hod.<br \/>\n10.O ka\u017ed\u00e9m z\u00e1pase bude proveden z\u00e1pis s body a jm\u00e9ny hr\u00e1\u010d\u016f.<br \/>\n11.Jak se hra po\u010d\u00edt\u00e1:<br \/>\na. sp\u00e1len\u00e1 v ruce 5 bod\u016f<br \/>\nb. sp\u00e1len\u00e1 ve h\u0159e 4 body<br \/>\nc. bez des\u00edtky a \u0161tychu 3 body<br \/>\nd. bez des\u00edtky se \u0161tychem 2 body<br \/>\ne. jak\u00e1 koliv\u00a0 v\u00fdhra o deset a v\u00edce 1 bod<br \/>\n12. Losov\u00e1n\u00ed bude provedeno na m\u00edst\u011b a ve\u0161ker\u00e9 neshody se vy\u0159e\u0161\u00ed na m\u00edst\u011b (jen slu\u0161n\u011b).<br \/>\n13. Je zak\u00e1z\u00e1no se p\u0159i h\u0159e jak koliv domlouvat.<br \/>\n14. T\u0159et\u00ed stejn\u00e1 karta je povinnost p\u0159iznat.<br \/>\n15. Po\u0159ad\u00ed v tabulce ur\u010duj\u00ed a)body, b) v\u00edce vyhran\u00fdch pomocn\u00fdch bod\u016f.<br \/>\n16. Ka\u017ed\u00fd t\u00fdm si ur\u010d\u00ed vedouc\u00edho t\u00fdmu, kter\u00fd se postar\u00e1 o z\u00e1pis.<br \/>\n17. Mu\u017estvo, kter\u00e9 neodehraje z\u00e1pas, automaticky prohr\u00e1v\u00e1 2:0 na body a 5:0 na pomocn\u00e9 body. Mu\u017estvu, kter\u00e9 nenastoup\u00ed, se je\u0161t\u011b ode\u010dte 1 hlavn\u00ed bod.<\/p>\n","protected":false},"excerpt":{"rendered":"<p>1. Mu\u017estvo o minim\u00e1ln\u011b dvou i v\u00edce hr\u00e1\u010d\u016f max. \u0161est. 2. Hr\u00e1\u010d nemus\u00ed b\u00fdt z vesnice, kterou reprezentuje. 3. Hr\u00e1\u010d mu\u017ee nastoupit pouze za jeden t\u00fdm. 4. Mu\u017estva, kter\u00e1 se p\u0159ihl\u00e1s\u00ed do turnaje, sehraj\u00ed&#46;&#46;&#46;<\/p>\n","protected":false},"author":4,"featured_media":0,"parent":345,"menu_order":3,"comment_status":"closed","ping_status":"closed","template":"","meta":{"footnotes":""},"class_list":["post-370","page","type-page","status-publish","hentry"],"_links":{"self":[{"href":"https:\/\/www.zvirotice.cz\/index.php?rest_route=\/wp\/v2\/pages\/370","targetHints":{"allow":["GET"]}}],"collection":[{"href":"https:\/\/www.zvirotice.cz\/index.php?rest_route=\/wp\/v2\/pages"}],"about":[{"href":"https:\/\/www.zvirotice.cz\/index.php?rest_route=\/wp\/v2\/types\/page"}],"author":[{"embeddable":true,"href":"https:\/\/www.zvirotice.cz\/index.php?rest_route=\/wp\/v2\/users\/4"}],"replies":[{"embeddable":true,"href":"https:\/\/www.zvirotice.cz\/index.php?rest_route=%2Fwp%2Fv2%2Fcomments&post=370"}],"version-history":[{"count":5,"href":"https:\/\/www.zvirotice.cz\/index.php?rest_route=\/wp\/v2\/pages\/370\/revisions"}],"predecessor-version":[{"id":384,"href":"https:\/\/www.zvirotice.cz\/index.php?rest_route=\/wp\/v2\/pages\/370\/revisions\/384"}],"up":[{"embeddable":true,"href":"https:\/\/www.zvirotice.cz\/index.php?rest_route=\/wp\/v2\/pages\/345"}],"wp:attachment":[{"href":"https:\/\/www.zvirotice.cz\/index.php?rest_route=%2Fwp%2Fv2%2Fmedia&parent=370"}],"curies":[{"name":"wp","href":"https:\/\/api.w.org\/{rel}","templated":true}]}}